be the third derivative of 11*i**4/24 - 4*i**3 + 16*i**2. What is the tens digit of o(l)?
0
Let x = -19 - -24. Suppose x*u - 171 - 359 = 0. What is the hundreds digit of u?
1
Let q(c) = 222*c + 7. Let i = -161 - -162. What is the hundreds digit of q(i)?
2
Let i be 3 + (4 - (-3 + 5)). Suppose i*a + 23 + 37 = 0. What is the tens digit of a*((-94)/6)/(1 - 0)?
8
Let x(j) = -14*j + 27 - 9 - 7 + 23. Let l(n) = -n**2 + n - 1. Let d(s) = l(s) - x(s). What is the units digit of d(11)?
9
Suppose -18 - 2 = -5*z. Suppose t - z*t + 2*k = 3, -4*k + 5 = -5*t. What is the hundreds digit of ((-1)/t - 1) + 185?
1
Suppose 3*d - 48 = d. Let h be (-184)/(-138)*9/6*1. What is the units digit of 7/(h*-2*(-6)/d)?
7
Let w = -74 + 71. What is the hundreds digit of w/9 - (-7630)/30?
2
Let k = 26904 - 14323. What is the units digit of k?
1
Let t(s) = -s**3 - 8*s**2 + 4*s - 27. Let b be (-3)/(-5)*(-11 - 4). What is the units digit of t(b)?
8
Let w = -140 + 143. Suppose 3*o + 84 = -5*y, w*o - 5 - 31 = 3*y. Let p(t) = -t**2 - 18*t + 34. What is the tens digit of p(y)?
7
Suppose -a + 5*k + 7345 = 0, 21920 = 3*a - k - 143. What is the thousands digit of a?
7
Let n be (-93)/(-15) + (-4)/20. Let w(x) = 9*x - 50. Let a be w(n). Suppose a*q + 69 - 226 = y, -2*y = -2*q + 86. What is the units digit of q?
8
Let g(z) = -43*z - 3. Suppose -24 = -4*h - 4*f, h + f - 2*f = 4. Suppose 4*r + 2 = -q, -h*q - 2 = -4*q + 5*r. What is the units digit of g(q)?
3
Let s = 3587 - 3535. Suppose -3*f = -289 + 28. Let h = f - s. What is the tens digit of h?
3
Suppose t = -6*t - 7. Let d be ((-14)/10 - t) + 48/20. Suppose 400 = 5*y - 5*k, -k = y + d*k - 96. What is the tens digit of y?
8
Let x be ((-12)/20)/(4/20). Let y be ((0 - 1) + -2)/(x/(-2)). Let s(t) = -25*t**3 - 6*t - 7. What is the hundreds digit of s(y)?
2
Suppose -2*v + 22*v = 38*v - 346446. What is the units digit of v?
7
Let a(o) = -359*o - 47. Let p(v) = 178*v + 23. Let t(z) = 3*a(z) + 5*p(z). What is the tens digit of t(-4)?
2
Let w(i) = 4*i**2 + 4*i + 14801. What is the tens digit of w(0)?
0
Let v be (-1)/(12/(-368))*(-54)/12. Let g = v - -702. What is the tens digit of g?
6
Suppose -10*i = 17*i + 297846 - 2728359. What is the ten thousands digit of i?
9
Let p = 4145 - -4605. What is the tens digit of p?
5
Suppose 12*f - 2572641 - 4585419 = -170*f. What is the units digit of f?
0
Let u(b) = 23*b**2 + 113*b + 6. Let z be (5 + 11)/(-3 - (1 + -2)). What is the hundreds digit of u(z)?
5
Let p(m) = -m**3 + 2*m**2 + 4. Let o be p(2). Suppose 7 + 19 = -q + o*b, 5*b = 25. What is the units digit of ((-4)/q)/(12/666)?
7
Let p = 822 + -204. Let n = p - -123. What is the units digit of n?
1
Let g = 23331 + -16188. What is the hundreds digit of g?
1
Suppose 73*f = 229*f - 1159392. What is the tens digit of f?
3
Let w(c) = 7481*c - 587. What is the ten thousands digit of w(5)?
3
Let g(c) = -c**2 + 9*c + 22. Let d be g(11). Let v = d - -3. Suppose 2*s - v*s + 32 = 0. What is the tens digit of s?
3
Let r(x) be the first derivative of 2*x**3/3 + 6*x**2 - 58*x + 61. What is the units digit of r(9)?
2
Let k = 59477 + -24088. What is the thousands digit of k?
5
Let q = 12 + -36. Let d = q - -59. What is the tens digit of 406/d - 3/5?
1
Suppose 685 = 3*p + g + 21, 0 = -4*g + 4. Suppose m + 3*v = 47, p = m + 4*m + v. Let y = m - -140. What is the hundreds digit of y?
1
Suppose 2*h = o - 11748, -441*h + 445*h = -24. What is the hundreds digit of o?
7
What is the ten thousands digit of (-60)/135 + 10/(-9)*-12739?
1
Let y(n) = 6 - 76*n + 14*n**2 + 16 - 2 + 11*n**2 + 6 + n**3. What is the units digit of y(-26)?
6
What is the ten thousands digit of (2 - (0 - 1)) + 23502 + 11 - 5?
2
What is the ten thousands digit of (-2199 + -12 + 14)*-5?
1
Let q be 138*(-20)/75 + (-2)/10. Let l = 33 + q. What is the units digit of (-220)/l*(0 - -1)?
5
Suppose 0 = -2*j - 2*j + 5*i + 7, -5*i = 5*j - 65. Suppose j - 24 = -4*k. Suppose -k*w - 4*v = -368, 2*v - 5*v = 2*w - 189. What is the tens digit of w?
8
Suppose 0 = 71*m - 72*m - r + 22580, -3*m = 7*r - 67724. What is the thousands digit of m?
2
Let a(r) = r + 16. Let d be a(-10). Suppose -5*m = v + d - 16, 2*v - m + 2 = 0. Suppose o - 4*q + 9 = v, -2*o + 32 = -q + 3*q. What is the units digit of o?
1
Let j be (-5)/100*-4 + 58/10. Suppose i = -3*b + j, 2*b + i + 2*i + 3 = 0. Suppose y + a - 171 = -a, -2*y + 328 = -b*a. What is the tens digit of y?
6
Let b(q) = 43*q**2 - 540*q - 20. What is the tens digit of b(20)?
8
Let v(c) = 14869*c**3 + 2*c**2 - 35*c + 33. What is the ten thousands digit of v(1)?
1
Suppose 17060 + 110011 = 21*w. What is the tens digit of w?
5
Let j be (4/((-16)/1917))/((-21)/(-56)). What is the thousands digit of 6/((-48)/(-40)) - j?
1
Let d be (-1146)/24 + 9/12. Let v = 159 - d. Let n = 350 - v. What is the tens digit of n?
4
Let v(x) = -11*x**2 + 10*x + 30. Let q(m) = -43*m**2 + 39*m + 117. Let i(g) = -6*q(g) + 22*v(g). What is the thousands digit of i(-8)?
1
Let m = -17 - -25. Let v = m - 5. Suppose 6*i = -3*z + 2*i + 293, -v*i = -4*z + 399. What is the units digit of z?
9
Suppose 3*p = -4*l + 18, -3*l + 2*l = 0. Suppose -h + 4*s - 2 - p = 0, -4*h = 3*s + 13. What is the units digit of (-446)/h + (-3)/6?
1
Let p(x) be the first derivative of x**4/4 + 7*x**3/3 - 13*x**2 + 10*x - 1. Suppose 96 = 152*t - 164*t. What is the hundreds digit of p(t)?
1
Suppose 0 = 12*r - 100 - 128. Suppose -r*x = -17*x - 200. What is the hundreds digit of x?
1
Let r(k) = 85*k**2 - 23*k + 45. Let i(b) = 170*b**2 - 45*b + 89. Let h(t) = 3*i(t) - 5*r(t). What is the tens digit of h(3)?
4
Suppose -5*v - 85 = y - 42719, 42652 = 5*v - 2*y. What is the units digit of v?
8
Suppose -8*s = -1001 + 153. Let p = 33 - 85. Let z = p + s. What is the tens digit of z?
5
Let g(x) = 7*x - 24. Let u(m) = -34*m + 120. Suppose 0*a + 35 = -3*c - 2*a, -c + 4*a = 7. Let z(y) = c*g(y) - 2*u(y). What is the units digit of z(-8)?
6
Let x = 62 + -57. Suppose 0 = -n - c + 18 - x, 5*c - 11 = -2*n. What is the units digit of n?
8
Let k = -9936 - -14891. What is the units digit of k?
5
Suppose -3 = -3*x - 6. Let v be x + (12/9 - 1)*21. What is the units digit of (-16 - 6)*v/(-4)?
3
Let t(m) = m**3 + m**2 - m - 2. Let x be t(0). Let u be 32/(-24) - x/6. What is the units digit of (-1 - -1)/(-5) + (u - -68)?
7
What is the tens digit of (-34 - -35)/(6/401208)?
6
Let y(h) = 70*h + 420. Let t be y(-6). Suppose 6*p = 3*p + 5*s + 2566, -3*s - 6 = t. What is the hundreds digit of p?
8
Suppose -4*j + 94440 = -3*r - 82052, -4*j = -5*r - 176476. What is the tens digit of j?
2
Let a(i) = -195*i**3 - 5*i**2 - i + 21. What is the tens digit of a(-3)?
4
Let h(d) = -d**3 + 15*d**2 + 41*d - 15. What is the thousands digit of h(-14)?
5
Let a be 17/((-306)/12)*-66. Suppose -4*b + 844 = 4*f, 2*b - 434 = 48*f - a*f. What is the hundreds digit of b?
2
What is the ten thousands digit of -5 - 13/(260/(-84)) - 435396/(-20)?
2
Let w(o) be the second derivative of 7*o**6/720 + o**5/60 - o**4/3 + 20*o. Let m(h) be the third derivative of w(h). What is the units digit of m(12)?
6
Suppose -4*z - 27*p + 24795 = -24*p, -p - 12405 = -2*z. What is the thousands digit of z?
6
Suppose -4*g - v - 10582 = -50392, -3*g + 29867 = -4*v. What is the hundreds digit of g?
9
Suppose 52*k - 10 = -218. What is the units digit of 1/(k + 8)*1388?
7
Suppose 16 = 29*o - 25*o. Suppose 5*b - 115 = -2*d, 2*d = -o*b - 13 + 131. What is the units digit of d?
5
Let m be (8 + -1)/(-5 + 5 - -1). Let b(w) = w - 2. Let y be b(m). Suppose 4*t - 837 = -y*t. What is the units digit of t?
3
Suppose -10*h + 35228 = 6948. What is the hundreds digit of h?
8
Suppose 0 = 5*d - 20, 2*d = 4*c - 3*d - 2392. What is the tens digit of c?
0
Suppose -2*n + y + 32 = 0, -n - 4*y = 1 - 35. Suppose -440 = 14*z - n*z. Let i = z + -60. What is the units digit of i?
0
Suppose 1761354 = 527*m - 1989737 - 19520175. What is the hundreds digit of m?
1
Suppose 0 = 6099*v - 6073*v - 245778. What is the hundreds digit of v?
4
Let c(b) = -5*b**2 + 4*b + 3. Let g be c(-2). Let j = -32 - g. What is the tens digit of 26/8*(-3 - j)?
1
Let d be 250/3 + 2/3. Suppose 92*v = d*v + 2336. What is the tens digit of v?
9
Suppose -20*n + 69071 = -50289. Suppose -3*h - n = -19*h. What is the hundreds digit of h?
3
What is the tens digit of -5 - (-18 + (-63)/(